 Suppose 37 = 5*d + z. What is the units digit of d?
6
Suppose -3*i - 28 = 5*a - 133, -a + 3*i + 21 = 0. Let r = -2 + a. What is the tens digit of r?
1
Let p = 16 - 10. Suppose t + 105 = p*t. What is the units digit of t?
1
Let i(t) = -t**2 - t + 5. Let n be i(0). Suppose 30 = n*f - 2*z, -2*z = f + 2 + 4. What is the units digit of f?
4
Let f(v) = -42*v**3 + 4*v**2 + 2*v - 2. Let k(l) = -85*l**3 + 9*l**2 + 5*l - 5. Let q(m) = -7*f(m) + 3*k(m). What is the units digit of q(1)?
8
Let w(u) = -u - 6. Let z be w(-5). Let b(c) = -26*c + 1. Let v be b(z). Suppose 2*s = 3*h + 5*s - v, 0 = -3*h + 2*s + 52. What is the units digit of h?
4
Let v be 25/10 + 2/(-4). Suppose 3*f = 10 + v. What is the units digit of f?
4
What is the tens digit of 3*(-4)/(-30)*145?
5
Suppose 3*b = b + 5*z + 105, 0 = -2*z - 10. What is the units digit of b?
0
Suppose -2*b = b + 27. Let w = b - -11. What is the units digit of w?
2
Let t = -15 - -19. Let i(c) = c**2 - 2*c - 4. What is the units digit of i(t)?
4
Suppose -5*g + 388 = -2*g - 2*s, 4*g = 5*s + 515. What is the units digit of g/25 - (-1)/(-5)?
5
Suppose 5*b + 14 = -3*w, -5*w + 3*b = 4*b - 6. Suppose 8 = 4*c - w*c. What is the units digit of 5 + 3/(6/c)?
7
Let j(l) = 1 - 11 + 2*l - 1. Suppose 4*n = 4 + 36. What is the units digit of j(n)?
9
Let t(a) = -a + 13. Let g be t(8). Suppose -3*s + 4*s + k - 13 = 0, 0 = -g*s + 3*k + 41. What is the tens digit of s?
1
Suppose g = -3*j + 2*g + 261, 4*j = -2*g + 358. What is the tens digit of j?
8
Let p(v) = v + 4. Let s be p(-4). Let u be (s - -1)*(2 - 0). Suppose -m = 5*q + 4*m - 20, u*q - 20 = 4*m. What is the units digit of q?
6
Let v(l) = l**2 - 6*l + 6. Let c be v(5). What is the units digit of (c + 0)/1*7?
7
Suppose 3*t - 3*p = -8*p + 285, t - 2*p = 84. What is the units digit of ((-8)/(-10))/(3/t)?
4
Suppose 82 - 1 = -3*z. Let a = 3 + -22. Let d = a - z. What is the units digit of d?
8
Let b(n) = 3*n - 15. Let g(l) = -l + 7. Let c(z) = -2*b(z) - 5*g(z). Let x be c(-7). Suppose x*v - 3 = 3. What is the units digit of v?
3
Let c = 8 - -4. What is the units digit of c?
2
Let p(s) = s - 4. Let x = 0 + 4. Suppose m + 31 = x*v, -28 = -3*v - 3*m - m. What is the units digit of p(v)?
4
Let b(x) = x**2 + 9*x + 9. Let t be b(-8). Let w(g) = 7*g - 4 - t - 5*g**2 + 4*g**2. What is the units digit of w(5)?
5
Let n = 51 + 74. What is the hundreds digit of n?
1
Let u be 0 - 6/9*-6. Suppose 5*c = -u*k + 240, 2*c + k - 19 = 74. What is the tens digit of c?
4
Let p = 2 - 0. Let z(i) = -3*i + 3*i + 9*i**p - 1. What is the units digit of z(1)?
8
Suppose 16 = 5*n - 9. What is the tens digit of 6/15 + 188/n?
3
Suppose -5*j = p - 67, 5*j + 8*p - 55 = 3*p. Let s be (12 + 0)*10/(-15). Let q = s + j. What is the units digit of q?
6
Let j = -363 + 592. What is the tens digit of j?
2
Suppose 0 = -3*s + 3*i - 4*i + 61, 4*i = 3*s - 86. Let g = s - 14. What is the units digit of 10/g - (-3)/(-12)?
1
Suppose -5*m + u = -3*m - 22, 4*u = 8. Let d be 0 - (5 + 4 + -2). What is the tens digit of (-14)/2*m/d?
1
Let w(s) = -6*s**3 + 5*s - 11. Let l(v) = v**3 - v**2 - v + 1. Let z(m) = -5*l(m) - w(m). What is the units digit of z(-5)?
6
Let v(a) = -a**3 - 10*a**2 - 11*a + 11. Let o be v(-9). Let b = -16 + o. What is the tens digit of b?
1
Let f(h) = -10*h**3 + 5*h**3 + 6*h**3 - 8*h + 8*h**2 + 10. Let g be f(-9). What is the units digit of g/(10/(-12) - -1)?
6
Let g = 12 - 1. Suppose -z - 4*l = -47, -5*l + g = -4. What is the units digit of (-4)/(-6) + z/15?
3
Let k(o) be the first derivative of o**3/3 + 5*o**2/2 + 2*o - 1. What is the units digit of k(-6)?
8
Let u be (16/(8/(-2)))/(-2). What is the tens digit of -1*u*234/(-12)?
3
Let r(f) = 65*f**2 + f + 1. What is the units digit of r(1)?
7
Suppose 2*z - 1 = 4*k + 1, 0 = 2*k + 5*z - 5. Suppose -2*q - 4 = -k. What is the units digit of 0 - (-1)/(3 + q)?
1
Suppose -s = -2*h - 25 - 22, 0 = 2*h. Suppose 3*q + s = -73. Let r = -24 - q. What is the tens digit of r?
1
Let k(n) = -3*n + 1. Let o be k(1). What is the units digit of o + -3 + 0 + 16?
1
What is the tens digit of 65 - (-2 - (5 - 3))?
6
Suppose 5*b - 193 = 37. What is the tens digit of b?
4
Let z(k) = -3*k. Let x be z(-2). Suppose -5*n + x = 1. What is the units digit of n?
1
Suppose 45 = -3*b + 4*h - h, -31 = b + 3*h. What is the tens digit of (-1 - (b - -2)) + -1?
1
Suppose -3 = c - 2. Let x = c + 1. Suppose 0 = g - x*g - 2*y - 7, 0 = 4*g - y - 21. What is the units digit of g?
5
Let f(a) = 2*a + 8. Let w be f(-7). Let d = -3 - w. Suppose -d*p - 5*i = -26, -p + 23 = -i + 9. What is the tens digit of p?
1
Let c(w) = 7*w**2 + 2*w + 3. What is the units digit of c(-2)?
7
Let k(a) = 2*a**2 - 3*a - 3. Let f(p) = 3*p**3 + 2*p**2 - 1. Let d be f(1). What is the units digit of k(d)?
7
Let z = 20 - 29. Suppose -2*w = -0*w - 44. Let m = z + w. What is the tens digit of m?
1
Let o = 7 + -4. What is the tens digit of 18 - (o - (-4)/(-1))?
1
Suppose 6 = 5*k - 9. Suppose -k*o - 12 = 4*m - 163, -m = -5*o - 9. What is the units digit of m?
4
Suppose 27 = -3*s - 18. Let v = -11 - s. Suppose -4 = -v*t + 4. What is the units digit of t?
2
Let y = -1 - 6. Let r(w) = -w**3 - 7*w**2 - 4*w - 8. Let b be r(y). Suppose z - b - 30 = -4*l, -5*l + 5*z + 75 = 0. What is the tens digit of l?
1
Let a(g) = 36*g**3 - 2*g**2 + 2*g - 1. What is the tens digit of a(1)?
3
Suppose -5*a + z + 244 = 0, -a + 39 + 6 = -4*z. What is the units digit of a?
9
Let w = -10 - -17. Let l = 5 + -8. Let x = l + w. What is the units digit of x?
4
Let r be 0*(-2)/4 + 1. Let s(v) = 10*v**3 - v**2 - v + 1. What is the units digit of s(r)?
9
Let u(h) = h**3 - 5*h**2 - 4*h - 6. Let q(f) = -f - 1. Let b be q(-7). What is the units digit of u(b)?
6
Suppose 0 = -6*x - 1 + 13. Suppose -2 - 1 = -n + 4*c, 20 = x*n - c. What is the units digit of n?
1
Suppose -2*u = 3*m - 3*u - 7, -2*m + 2*u = -10. Let w be (-4)/(-6) + m/3. Suppose c + 4*o + 4 = 0, 3*o + w - 8 = -2*c. What is the units digit of c?
8
Suppose 3*i - 1 = 17. Let c = i - -2. What is the units digit of c?
8
Let h(a) = -a**3 + 8*a**2 - 9*a - 1. Let m be (0 + -3)/(-3) + 6. Let s be h(m). What is the units digit of s/(-6)*(-14)/(-5)?
7
Suppose 0*z = -6*z + 186. What is the units digit of z?
1
Let d be -29 - (2 + -3) - 0. Let i(k) = 4*k**2 - 6*k + 1. Let r be i(4). Let c = d + r. What is the tens digit of c?
1
Suppose 0 = 2*g - 4*g + 152. What is the units digit of g?
6
Let z(j) = -j - 4. Let x(f) = f**3 - 5*f**2 + 3*f + 4. Let h be x(4). Let r be z(h). What is the units digit of (-6)/r*16/6?
4
Suppose 0 = -2*a + 7*a - 15. What is the units digit of ((-6)/4)/(a/(-10))?
5
Let k = -10 - -29. Let r be 3/((-18)/(-4))*-18. Let d = k + r. What is the units digit of d?
7
Suppose -3*t = -2*t - 1. Suppose 5*o - 2*a = 75, o - 4*a + t = -2. What is the units digit of o?
7
Let f(w) = -29*w + 2. What is the hundreds digit of f(-9)?
2
Let h = 31 - 9. What is the tens digit of h?
2
Suppose 0 = 4*r - 0*f - 2*f - 284, 0 = -4*r + 4*f + 292. What is the units digit of r?
9
Let d be ((-24)/(-15))/((-3)/15). Let q = 9 + d. What is the units digit of q?
1
Let z(n) = n**3 + n**2 - n + 2. Let d be z(-2). Suppose d*x = -4*x - 4. What is the tens digit of 1 + 2 + x - -11?
1
Let l(k) = 6*k - 3. Let i(h) = h - 4. Let m be i(6). Suppose m*b - 2 = b. What is the units digit of l(b)?
9
What is the units digit of 2 + 40 - 9/(-3)?
5
Suppose 5*g + o = 290, -3*g + 2*o = o - 166. What is the units digit of g?
7
Suppose -252 = -4*o + 4*i, 63 = -2*o - 4*i + 165. What is the units digit of o?
9
Let y(g) = -g + 2. Let h be y(6). Let c be (240/9)/h*-21. What is the units digit of ((-4)/10)/((-7)/c)?
8
Let k = 0 - -5. Suppose k + 4 = n. What is the units digit of n?
9
What is the units digit of (-2)/(-5) + (-24)/(-15)?
2
Let o(a) = 11*a - 8. Let h be o(6). Suppose -2*j = 4*k - h, -2*k + 5*j - 4 = -15. What is the tens digit of k?
1
Suppose 0 = -0*f - 2*f + 180. Suppose -4*k - 3*b + 107 = 0, 3*k - f = -2*k + 5*b. What is the tens digit of k?
2
Suppose 4 = 2*r - 0. Suppose 0 = -r*q + 3*h - 3, 3*q + h - 29 = -q. What is the units digit of q?
6
Suppose -45*h = -42*h - 45. What is the tens digit of h?
1
Let r be 9 - (-1 + -1 + 1). Let g = r + 1. What is the units digit of (-26)/(-22) + (-2)/g?
1
Suppose n - 6*n = -30. What is the units digit of ((-1)/(-3